is y(d)?
-5
Let s(y) = 47*y + 17. Let i be s(8). Let u(t) = i*t**2 - 2 - t**3 - 2 + 3*t - 394*t**2. Let w(r) = r - 10. Let p be w(7). Calculate u(p).
5
Suppose -5*z + 3*z + 22 = 0. Let i(u) = -1 - z*u + 11*u + 4*u**2. What is i(-1)?
3
Suppose -3*a - 25 = 5*g, -a = -5*g + 7 - 32. Let r(z) = -z + 10. Calculate r(a).
10
Let z = -21 + 25. Let u(o) = 7 - o**2 - 3 + z*o + 0*o**2. Determine u(6).
-8
Let l = -480 + 477. Let q(y) = -3*y - y**2 + y - 2 + 0*y**2. Calculate q(l).
-5
Let m(u) be the second derivative of 13/2*u**2 + 1/6*u**3 + 0 + 6*u. Calculate m(-8).
5
Suppose -5*b - 1 + 61 = 3*g, -5*b = 0. Suppose -q = -4*m - g, -2*q + m - 25 = 6*m. Let u(l) = -1 - 4 + l**2 + 3 + l. What is u(q)?
-2
Let h(q) be the second derivative of q**4/12 - 4*q**3/3 - 7*q + 1. Suppose -5*i = -4*i - 3. Suppose i*c - 8 = 16. What is h(c)?
0
Let x(g) = g**3 + 1. Let q be x(0). Let v(d) = 2*d - 1. What is v(q)?
1
Let d(u) = 3*u + 4. Let s(j) = -j**2 + 26*j - 120. Let i be s(20). Give d(i).
4
Let j be -6 + ((-11)/22)/(1/12). Let w(o) = -4*o - 6. Give w(j).
42
Let z(j) = -j**2 - 132*j - 387. Let d be z(-3). Let s(p) be the third derivative of 1/8*p**4 + 5*p**2 + 0*p + d + 0*p**3. What is s(4)?
12
Suppose -w = 2*w - 15. Suppose h - 16 = w*h. Let f be (3/2)/((-3)/h). Let k(q) = 5*q - 1. What is k(f)?
9
Let x be (-5 + 3 - (-7)/14)*2. Let t(h) = -h**2 - 2*h - 4. Determine t(x).
-7
Let o(l) = -2*l + 7. Suppose -27*b = -39*b - 120. Calculate o(b).
27
Let f(s) = 2*s - 9. Let n be f(4). Let x be n/(-3) - 600/(-36). Suppose v + 8 = -v - 2*r, -5*v = 4*r + x. Let g(h) = 4*h + 1. Calculate g(v).
-3
Let d(q) = -q**3 - 7*q**3 - 3*q + 2*q. Suppose 0 = -g - 0*y + 4*y + 17, -5*g - 4*y = 11. Calculate d(g).
-9
Let b(m) = -m**2 - m**2 - 3*m**2 - 10*m**2 + 44*m - 45*m + 10 + m**3. Determine b(15).
-5
Let h(r) = -2*r + 10. Let b(n) = -9*n + 51. Let o(f) = 4*b(f) - 22*h(f). Suppose 4*g - 47 = -111. Let m(x) = -1. Let i(k) = g*m(k) + o(k). What is i(1)?
8
Let r(q) be the second derivative of q**5/20 - q**4/12 + q**3/6 - 11*q**2 + 18*q. Let n(y) be the first derivative of r(y). Suppose -3*i + 3 = -3. Give n(i).
9
Let t(z) = -2*z**3 - z**2 + z + 4. Suppose -8*s + 24 = -5*s. Let f(x) = 3*x**3 + 2*x**2 - 2*x - 6. Let i(g) = s*t(g) + 5*f(g). Give i(2).
-2
Let s(x) be the first derivative of x**4/4 + 2*x**3/3 - 5*x**2/2 - 2*x + 33. Let k(c) = -6*c - 3. Let o be k(-3). Suppose 2*m + 3*m + o = 0. What is s(m)?
4
Let x = -385 - -387. Let z(l) = -2*l**2 - 3*l + 3. Let y(m) = 5*m**2 + 8*m - 8. Let q(u) = -3*y(u) - 8*z(u). What is q(x)?
4
Let z(d) = d**3 - 8*d**2 + d + 6. Let f be z(8). Let o = f - 14. Suppose t + 3 = -y, -t + o*t - 5*y + 1 = 0. Let c(u) = -u**3 - 3*u**2 + 4*u + 6. What is c(t)?
6
Suppose -4*c + 5*c = 2. Let b(m) = -m**3 + 5*m**2 - m + 2. Let z(w) = w**3 - 6*w**2 + w - 3. Let o(g) = 4*b(g) + 3*z(g). Determine o(c).
-3
Let o(n) = 2*n**3 + 7*n**2 - 2*n + 7. Let r(h) = -h**3 - 4*h**2 + h - 4. Let u(p) = 4*o(p) + 7*r(p). Suppose 0 = 6*d - 10*d + 8. What is u(d)?
6
Suppose 3 - 1 = -2*o. Let h(n) = -16*n - 13. Let x(j) = 7*j + 6. Let p(q) = -6*h(q) - 13*x(q). Determine p(o).
-5
Let i = -54 - -98. Suppose -j = -3*j + i. Let p(o) = 15*o**2 - o**3 - 4*o + 4 - j*o**2 + 11*o**2. What is p(3)?
1
Suppose 2*d = 3*w + 17, -3*w - 5*d - 12 = -2. Let f be 50/6 + (-1)/3. Let g(i) = -i**2 - 4 + 3*i - f*i + 8. Give g(w).
4
Suppose 56*x = 23*x. Let u(t) = -t**3 - t**2 + t - 6. What is u(x)?
-6
Let p(j) = j**3 - 3*j**2 + 4*j - 5. Let d(q) = -4*q**3 + 14*q**2 - 21*q + 26. Let c(h) = -2*d(h) - 11*p(h). What is c(2)?
-5
Let p = 4 - -1. Let h(x) = 3*x - 8. Let o(t) = -12*t + 33. Let s(g) = p*o(g) + 21*h(g). Suppose -6*u + 33 = 5*u. Calculate s(u).
6
Let s(x) = 3*x - 2. Let b(p) be the second derivative of -3*p**3/2 + 5*p**2/2 - 6*p. Let u(v) = -6*b(v) - 17*s(v). Calculate u(-5).
-11
Let j(q) = -4*q**3 + 2*q - 1. Let d = 38 - 111. Let c = 74 + d. What is j(c)?
-3
Suppose -3*w = -0*w - 9. Let g(y) be the first derivative of 3*y - 3/2*y**2 + w. What is g(3)?
-6
Let j be 1/((-2)/(-3) + -1). Let k(y) = 2*y - 310*y**2 + 312*y**2 - y + 1 - 4. Calculate k(j).
12
Suppose 2*v - 90 = -140. Let n = v - -21. Let m(h) = 4*h. Determine m(n).
-16
Let l(v) = -v**3 + 4*v**2 - 6*v + 51. Let h be l(5). Let p(q) = q**3 + 4*q**2 + 5*q - 3. Determine p(h).
-23
Suppose 5*q + 0*k = 4*k + 21, -5*k = -2*q + 5. Suppose -4*c = -2*o, 5*c - 4*c = -q*o. Let y(t) = t + 10. What is y(o)?
10
Suppose 7*p = 29 - 1. Let t(c) = c**3 - 4*c**2 + 2*c - 1. Determine t(p).
7
Let m(z) be the second derivative of z**5/20 - 2*z**4/3 + 13*z**3/6 - 2*z**2 + 2*z - 37. Calculate m(6).
2
Let m be (-16)/(-136) - 2/17 - -8. Let s(n) = -16*n + 125. What is s(m)?
-3
Suppose 19 = 5*c + 4*f, 4*f = -0*c + 2*c - 2. Let i(a) = c + 47*a**3 - 96*a**3 + 48*a**3 + 3*a**2 - 3*a. Let w(v) = v - 5. Let m be w(7). Give i(m).
1
Let n(i) = 6*i + 10. Let d be -8 - ((-7 - 0) + 2). Determine n(d).
-8
Let o(r) = -9*r - 26. Suppose 5*m = 4*m - 5*w + 30, 5*w - 10 = 3*m. Let i(u) = 4*u + 13. Let f(a) = m*i(a) + 2*o(a). Give f(-11).
-9
Let u(q) = -13*q**3 + 10*q**2 - 8*q - 9. Let k(x) = -7*x**3 + 5*x**2 - 4*x - 5. Suppose 9*l - 7*l + 22 = 0. Let y(p) = l*k(p) + 6*u(p). What is y(4)?
1
Let i(n) = -8*n + 6. Let x(t) = 21*t - 17. Let m(k) = 8*i(k) + 3*x(k). Give m(-5).
2
Let b be 96/(-18)*(-3)/2. Let c(k) = -4*k**2 + 50*k + 28. Let f(z) = -z**2 + 12*z + 7. Let o(m) = 2*c(m) - 9*f(m). What is o(b)?
-7
Let s(n) be the first derivative of -3*n**2 - 5*n + 136. Give s(-2).
7
Let v(i) be the third derivative of -i**6/120 + i**5/15 + i**4/3 + 2*i**3/3 - 74*i**2 - 2*i. Give v(5).
19
Let v(b) = -b**3 + 7*b**2 - 9*b + 13. Let i be v(6). Let q(z) = 2*z + 5. Determine q(i).
-5
Suppose 27*f + 9 = 24*f. Let u(r) = 11*r + 14. Let z(v) = 6*v + 8. Let d(b) = 3*u(b) - 5*z(b). What is d(f)?
-7
Let j(z) = -z**2 + 4*z + 57. Let w be j(-6). Let v(g) = 7*g. Determine v(w).
-21
Let a(t) = 21*t**3 - t - 1. Let f be -13 + 20 - (-56)/(-7). Determine a(f).
-21
Let a be 1 + -7 + -3 + 1. Let w(c) = 15*c + 5 + 15*c + 9*c**2 + c**3 + 20*c - 41*c. Give w(a).
-3
Let l be (0 - 3)/((-3)/2). Suppose 0 = -l*f - 0 - 6. Let v(u) = 0*u**2 + 4*u**2 - 6*u**2 + u - u**3 + 40 - 43. Determine v(f).
3
Let d(t) = -6*t**2 - t. Let r(o) be the first derivative of o**3/3 + o**2 + o + 255. Let b(v) = v + 1. Let y be b(-1). Let j be r(y). Give d(j).
-7
Let x(c) = c**3 + 2*c**2 - 5*c - 2. Suppose -69 = 6*n - 51. Give x(n).
4
Let l(x) = -x**2 - 4*x. Let d(j) = -j**2 - 16*j - 3. Let y be d(-13). Suppose t - y = -2*t - 3*r, 3*t = -4*r + 39. Let c = t - 12. Determine l(c).
3
Let k = -537 + 528. Let t(p) = 9*p - 9*p**2 + 13 - 10*p**2 + 20*p**2. Calculate t(k).
13
Let l(i) be the third derivative of -i**6/120 + 5*i**4/24 + 2*i**3/3 + i**2. Let q = -5604 - -5601. Determine l(q).
16
Suppose -3*l + 5*l - 8 = 0. Suppose -l*x + 25 = c, x - 6*x + 20 = -c. Let d(a) = -8*a + 3*a + 4*a - 1582 + 0*a + 1581. What is d(c)?
-6
Suppose -6*r + 7 + 5 = 0. Let l(v) = 85*v + r - 86*v - 5. Calculate l(-9).
6
Let r(l) = -3*l - 1176 + 4*l + 1190. Suppose 2*d = -9 - 3. Determine r(d).
8
Let i(r) = r - 13. Let g(j) = -j**2 - 27*j - 31. Let q be g(-26). Let o(c) = 2*c - 25. Let n(t) = q*i(t) + 2*o(t). What is n(0)?
15
Suppose 0 = -o - 1, -3 = n + 2*o + 19. Let z(k) = -k**2 - 21*k - 14. Let r be z(n). Let m(b) = -b**2 + 5*b - 2. Calculate m(r).
-8
Let g(w) = w**3 - 12*w + 181*w**2 - 380*w**2 + 186*w**2 - 16. Determine g(14).
12
Suppose 200 - 70 = 5*x. Let r(i) = -i**3 + 27*i**2 - 25*i - 20. Calculate r(x).
6
Let n be 2 + 3 + (1 - (-84)/14). Let q(r) = -r - 5. Determine q(n).
-17
Let u(k) = k**2 - 5*k. Let n = 133 + -128. Suppose -5*o + 5*c + 22 = 7, -5*o + 15 = 3*c. Let g(z) = 3*z. Let f(a) = n*g(a) + o*u(a). Give f(-1).
3
Let r(a) be the second derivative of 4*a**3/3 + 60*a. Give r(1).
8
Let n(x) = 21*x - 395. Let a be n(19). Let m(u) = -4*u**2 + 2*u + 2. Give m(a).
-54
Let p(n) be the third derivative of 0 + 0*n**5 + 0*n**4 - 6*n**2 + 1/6*n**3 - 1/12*n**6 + 0*n. Determine p(1).
-9
Let u(t) = -t + 8. Let a be u(6). Suppose -6 = -4*h + a*h. Let g(k) = k**2 - h*k + 4 + 8*k - 1 + 3. Give g(-4).
2
Suppose 5 - 3 = -2*w. Let l(g) be the second derivative of g**5/10 - g**3/6 - 3*g**2/2 - 3*g. Let t(x) be the first derivative of l(x). Calculate t(w).
5
Let f(v) be the first derivat